 Let s = 5 - 3. Let z(f) = 3*f**3 - 8*f**2 - 9*f + 5. Let d(v) = s*b(v) - 3*z(v). Determine d(7).
-3
Let p(d) = -15. Let x(c) = -c + 25. Let s(g) = 5*p(g) + 3*x(g). Calculate s(-2).
6
Let g(f) = -9*f**3 - 9*f**2 - 7*f + 8. Suppose -25*u = -15*u - 70. Let s(n) = -5*n**3 - 4*n**2 - 3*n + 4. Let m(p) = u*s(p) - 4*g(p). Calculate m(-7).
-4
Let a(x) = x**2 + 8*x - 5. Suppose -58 = 3*n + w - 40, 3*n = -2*w - 21. Calculate a(n).
-20
Let v = 7 - 1. Let c be 12/(-2) - (23 - 35). Suppose -c*t + 0*t + v = 0. Let s(d) = 5*d**2. Calculate s(t).
5
Let a be 6*(1 - 2) + 4. Let k be a - 43*(3 + -2). Let h be k/(-9)*(1 + 0). Let o(d) = d. What is o(h)?
5
Let y(g) = -g**3 - 3*g**2 + 2*g - 5. Suppose 40 = -7*f + 12. Calculate y(f).
3
Let y(s) = 4*s - 2. Suppose -20 = -4*x + q, -5*x + 2*q = -x - 20. Give y(x).
18
Let n(a) be the first derivative of -a**3/3 + 10*a + 1117. Give n(0).
10
Suppose 3*c + 3*y = 296 + 1, y - 5 = 0. Let x = c + -87. Let j(z) = -2*z + 9. Calculate j(x).
-5
Let u be (-4)/38 - ((-8)/(-38))/(-2). Let l(f) = -2 - 2 + 3*f**2 - 2*f**2. Give l(u).
-4
Let m = -5 - 1. Let g(c) = -7*c**2 - 3*c**3 + 2*c**3 - 2124*c + 2118*c + 8. Calculate g(m).
8
Let j(y) = 2*y + 7. Let r(f) = -3*f - 11. Let t(k) = 7*j(k) + 5*r(k). Let c = -166 - -172. Let b(o) = -o - 7. Let i(l) = c*b(l) - 7*t(l). Calculate i(2).
2
Let u(o) = 17047*o - 17047*o + 1 + 13*o**2. Give u(-1).
14
Let j(f) = -6*f**3 + 4*f**2 + 3*f - 1. Let y(m) = -4 + 5*m**2 + 6 + 2 - 7*m**3 + 4*m - 5. Let g(i) = -4*j(i) + 3*y(i). What is g(1)?
3
Let u(x) = x**3 - 9*x**2 + 8*x + 3. Let c(d) = -d**3 + 9*d**2 - 8*d - 4. Let p(w) = 4*c(w) + 5*u(w). Let g be (-1)/2*-1 - 540/(-72). Determine p(g).
-1
Let n = 9 + -13. Let g(m) be the third derivative of 1/60*m**5 - 1/2*m**3 + 0 + 1/12*m**4 + 11*m**2 + 0*m. Determine g(n).
5
Let g(a) = 22*a - 4. Let u(w) = 21*w - 5. Let x(f) = -3*g(f) + 2*u(f). Let q(p) = -12*p + 1. Let j(y) = 7*q(y) - 3*x(y). What is j(1)?
-11
Let c(w) = w**3 + 9*w**2 + 11*w + 8. Suppose 5*l + 10 = -u + 4*l, -5*u + l - 38 = 0. What is c(u)?
-16
Suppose 0*u = -f + 5*u - 14, 0 = -3*f + 5*u - 2. Let i be (9/6)/(f/8). Let p(z) = -z**3 + 3*z**2 - 3*z + 1. Determine p(i).
-1
Let t(v) be the third derivative of v**6/120 - v**5/60 + v**4/24 - 2*v**3 - 60*v**2 - 2*v. Calculate t(0).
-12
Let o = -610 + 605. Let d(b) = -b**2 - 8*b - 13. Determine d(o).
2
Let n = 43 - 15. Let b(j) = 9*j + 5 - n*j + j**2 + 13*j. Suppose -k - 3*k = -16. Determine b(k).
-3
Suppose 0 = r + b - 5, 3*r + 5*b + 7 = 24. Let u(j) = 6 - 11*j**2 + r*j**2 + 11*j + 5*j**2. Let q be u(6). Let a(k) = k**3 + k**2 - k + 9. Give a(q).
9
Let q = 21 + -10. Suppose -q*k - 3 = -8*k. Let g(h) = h**2 - h. Calculate g(k).
2
Let m be 24/(-7 - 1)*-3. Let i(g) = 4*g + 1. Give i(m).
37
Let l(f) = 3*f**2 + 8*f - 7 - 2*f**2 + 0*f - 9*f. What is l(-3)?
5
Let g = -148 - -139. Let a(b) = b**2 + 10*b + 9. What is a(g)?
0
Suppose -6*p = -5*p - 4. Let h be 0 - -3*(p - 3). Let z(l) = h*l - 3*l - 5 + 3*l + 6. Give z(-1).
-2
Let a(k) = 21*k + 8. Let c(u) = -13*u - 5. Let w(s) = -5*a(s) - 8*c(s). Suppose 2*y - 2*t = -12, -5*y = 3*t + 45 - 15. Calculate w(y).
6
Let t(r) be the first derivative of -r**2/2 - 2*r + 78. Let c(y) = y**3 - 6*y**2 - 7*y - 6. Let x be c(7). Calculate t(x).
4
Let d be (1 - 1) + (-8 - -8). Suppose 0 = 2*i - 5*i + 5*u - 1, 23 = 5*i + 4*u. Suppose d*g + i = -g. Let r(a) = a**3 + 4*a**2 + 2*a - 3. What is r(g)?
0
Suppose 2 = -3*b + 11. Let h(p) = -2 - 2 + b*p + 0*p. Let v(n) = -n**3 - 2*n**2 - 2*n - 43. Let o be v(-4). Determine h(o).
-13
Let x(b) = -2*b**2 + 6*b + 53 - b**3 - 102 - 3*b + 50. What is x(-3)?
1
Let v = 639 + -649. Let t(q) = q**3 + 9*q**2 - 10*q - 13. Calculate t(v).
-13
Let s(l) = -7*l - 5. Let f(u) = 3*u + 3. Let d(q) = 5*f(q) + 2*s(q). Calculate d(7).
12
Let z be 1/(-5) + 396/30. Let x(g) = 5 + 1 + 3 + 6*g**2 + z*g. Let m(f) = f**2 + f + 1. Let l(d) = -5*m(d) + x(d). Determine l(-6).
-8
Let g = 3 + 2. Suppose -15 = -g*i + 2*i. Suppose -y + 4 = -i*y. Let t(l) = -8*l - 1. Determine t(y).
7
Let m(z) = 45 - 45 + z**3 + 2*z**2 + 2*z. Let h be m(-2). Let v(t) = t**3 + 4*t**2 + 2*t + 2. Give v(h).
-6
Let k(i) = -9*i**2 - i. Let f(v) = -v**2 + 7*v - 7. Let m be f(6). Let p = 3 + m. Suppose w + 4*z = -0*w + 19, -p*z + 9 = w. What is k(w)?
-8
Suppose 0*u - 2*u = 5*z - 26, -4*u + 22 = -5*z. Let i(p) = -4*p + 0*p + 0*p + 2*p. Calculate i(u).
-16
Suppose 12 = 2*g + 2. Let j(z) = -z**2 - 6*z + 6. Let m(q) = -q**2 - 6*q + 5. Let i(u) = g*j(u) - 6*m(u). Calculate i(-6).
0
Let q = 8 + -4. Let v = 6 - q. Let r(c) = 5*c**v - 3*c**2 - c - 4*c + 2. Calculate r(3).
5
Let r(p) be the third derivative of p**5/60 - p**3 - 2*p**2 + 23. Give r(4).
10
Let r(z) = -z + 4*z + 80 - 79 - 7*z. Calculate r(-6).
25
Suppose -4*l + 4 = d, 3*d = d. Let g(j) = 46*j - 45*j - l - 1 + 4. Let h be (6/8)/(2/(-8)). Calculate g(h).
-1
Let s(b) = -b**3 - b - 1. Let d(v) = 4*v**3 - 5*v**2 + 2*v + 2. Let r(t) = -d(t) - 3*s(t). Let c be 1/(9/(-5) + 2). Determine r(c).
6
Let u(a) be the first derivative of -a**3/3 + a - 130. What is u(-3)?
-8
Suppose 2*r - r = 3. Let w(s) = 4*s + 2*s - 3*s - s - 2 + s. Calculate w(r).
7
Let y(w) = -2079*w - 2074*w + 4151*w + 2*w**2 - 1. Suppose -3*i = 5*a - 21, 10 + 7 = 4*i + 3*a. Determine y(i).
3
Let w(j) = 0*j - j**3 + 0*j**2 + 5*j**2 + 2*j + 1 - 3*j. Let f = -8 + 20. Let t = f - 7. What is w(t)?
-4
Let p(t) be the third derivative of -t**6/120 - 3*t**5/20 - t**4/3 - t**3 + 221*t**2 - 7*t. Suppose -2*g - 24 = g. What is p(g)?
-6
Suppose 1 + 7 = 4*c. Let j(l) = 17*l - 9. Let s(w) = -36*w + 19. Let v(d) = 13*j(d) + 6*s(d). Determine v(c).
7
Let d be (-2)/(-7) - (-2)/(-7). Suppose d = -9*g + 5*g + 48. Let i = -12 + g. Let c(y) = y**3 - y**2 - y - 5. Give c(i).
-5
Let s(y) = y + 10. Suppose -7 = 3*u + 5. Let f(h) = h + 5. Let i(l) = u*s(l) + 7*f(l). Let g(p) = -p**2 - 8*p - 8. Let q be g(-6). Give i(q).
7
Suppose -2*b + 5 = -1. Let p be 1 + (3 + b)/3. Let d(h) = p*h + h - 6 - 5*h. What is d(6)?
-12
Let l be (-2)/12 + (3 - (-125)/30). Let q(v) = -4*v**2 + 7*v - 10. Let p(n) = 5*n**2 - 7*n + 11. Let r(x) = -3*p(x) - 4*q(x). Give r(l).
7
Let m(x) = 3*x**3 - 26*x**2 - 63*x + 32. Let v(b) = 2*b**3 - 17*b**2 - 40*b + 21. Let i(a) = 5*m(a) - 8*v(a). Calculate i(6).
22
Let t(w) be the second derivative of -w**4/12 - 7*w**3/6 - 4*w**2 + 12*w + 2. What is t(-6)?
-2
Let h(s) = s**3 - 2*s**2 - 2*s + 4. Let m be ((-18)/6)/3 + 4. What is h(m)?
7
Let k(n) = -3*n**3 + 3*n**2 - 2 + 3 - 2*n + 0*n. Let d(j) = j - 8. Let p(m) = -m + 15. Let l(b) = 5*d(b) + 2*p(b). Let f be l(4). Give k(f).
-15
Let b(z) be the first derivative of -6*z - 5/3*z**3 + 1/4*z**4 + 2 + 3/2*z**2. Let c(r) = -2*r - 9. Let g be c(-7). Give b(g).
9
Let u = -28 + 6. Let q = -20 - u. Let s = q - 4. Let r(g) = -g**2 - g + 2. Determine r(s).
0
Let n(i) = i - 36. Let l be (697/615 - (-2)/(-15))*0. Give n(l).
-36
Let l(b) = b**2 - 2*b - 1. Suppose -40*o + 380 = -116*o. What is l(o)?
34
Let w(y) = 3*y**2 + 15*y + 10. Let s(a) = a**2 + 2. Let c(l) = 4*s(l) - w(l). What is c(15)?
-2
Let r be 1/5 - (-2)/(-10). Let a(g) = 11*g**3 - 4*g**2 + 3*g - 6. Let l(t) = 15*t**3 - 5*t**2 + 4*t - 6. Let m(q) = 4*a(q) - 3*l(q). Calculate m(r).
-6
Let m(u) = u**2 - u. Let x(c) = -3*c**2 + 16*c - 8. Let n(h) = 2*m(h) + x(h). Calculate n(13).
5
Let t(h) be the third derivative of -h**6/120 - h**5/60 - h**4/24 + 7*h**3/6 + h**2 - 3. Give t(0).
7
Let m = -163 + 161. Let p(g) = 5*g + 1. Let s(i) = -14*i - 3. Let w = -12 + 6. Let j(l) = w*s(l) - 17*p(l). Give j(m).
3
Let t(m) = 2*m - 54. Let b(r) = -14*r - 3. Let v be b(-2). Calculate t(v).
-4
Let v(h) = -4*h**2 - 2*h - 7. Let l(y) = 5*y**2 + y + 9. Let t(u) = -3*l(u) - 4*v(u). Let n(i) = i**3 - 6*i**2 + 3*i + 5. Let j be n(5). Calculate t(j).
1
Let g = 511 - 510. Let s(v) = -8*v - 3. Give s(g).
-11
Let u(l) = -2*l - 6. Let g(a) = a**2 - a - 6. Let c(s) = g(s) - u(s). Determine c(-2).
2
Let s(w) = w + 5. Let y(f) = -f**3 + 17*f**2 + 2*f - 39. Let o be y(17). Determine s(o).
0
Suppose -2*h + 43 - 5 = 0. Suppose 12*k - 35 = h*k. Let u(l) = -2*l. Determine u(k).
10
Let b(l) = 7*l - 2. Let d be (-15)/(-20) - (-98)/(-56). What is b(d)?
-9
Let c(f) = -8*f**3 + 9*f**3 + 2929 - 2930. Calculate c(-1).
-2
Let j(u) = u**3 - u**2 - 2*u - 3. Let l(a) = -a - 13*a + a**3 + 48 - 11*a**2